s 14842b7 (base 14) in base 2?
100110001001010101001001
Convert 43968 (base 11) to base 15.
13d30
Convert 3632216 (base 7) to base 9.
773408
What is -267322 (base 8) in base 6?
-2002430
Convert b0b21 (base 12) to base 14.
5d9d7
What is -121102101 (base 3) in base 4?
-2323003
What is -13454541 (base 8) in base 9?
-5638641
-1001330011 (base 5) to base 12
-7b5a06
-34586 (base 12) to base 13
-25ab2
What is -27834 (base 9) in base 3?
-221221011
What is 1122022202122 (base 3) in base 16?
d4ff9
Convert 6b0b2 (base 12) to base 10.
143558
What is 1340536 (base 8) in base 7?
3130441
Convert -6232400 (base 8) to base 14.
-31005a
What is 50035550 (base 6) in base 13?
3a25a0
534165 (base 9) to base 12
134028
Convert 1576064 (base 11) to base 4.
22100011333
Convert 21022210220201 (base 3) to base 7.
45044251
What is -346542 (base 9) in base 8?
-626520
Convert -35232360 (base 7) to base 2.
-1011110100111110010110
Convert -31451267 (base 8) to base 7.
-110666401
-cbfc7 (base 16) to base 4
-3023333013
-2555114 (base 9) to base 6
-45520451
Convert -489301 (base 10) to base 14.
-ca461
Convert 210303020 (base 5) to base 2.
11010100001100001111
-243b115 (base 12) to base 3
-111021002221222
Convert 2f2202 (base 16) to base 2.
1011110010001000000010
-4117528 (base 10) to base 5
-2023230103
Convert 4580a (base 13) to base 3.
20102122120
1064202 (base 7) to base 12
65333
Convert 2578f (base 16) to base 7.
1206325
233528 (base 9) to base 2
100010010001101111
What is 31125004 (base 6) in base 4?
3123031330
1b09b (base 16) to base 6
2212415
What is 1b6f8c (base 16) in base 15?
257b38
Convert -884465 (base 15) to base 16.
-63191f
What is -62a492 (base 15) in base 3?
-22211101121102
-60185 (base 13) to base 14
-467a4
What is -2d26a8 (base 14) in base 16?
-18232c
Convert b5a41 (base 12) to base 3.
110002210011
-184bee (base 16) to base 3
-2222220020011
What is -22aa6b (base 14) in base 10?
-1181975
Convert 460a2c (base 14) to base 13.
656038
What is -1222012022222 (base 3) in base 7?
-11620505
Convert -1011100010001110000 (base 2) to base 12.
-162894
What is -412111533 (base 6) in base 5?
-3304214301
1437177 (base 8) to base 2
1100011111001111111
Convert 1070618 (base 11) to base 2.
111001001101101101001
What is -13587 (base 14) in base 4?
-23222003
210090 (base 12) to base 11
324621
-27669 (base 11) to base 14
-10504
What is -11100010011110110 (base 2) in base 15?
-24558
What is 871677 (base 10) in base 8?
3246375
What is -216351 (base 9) in base 5?
-13114242
Convert -212110200010201 (base 3) to base 11.
-7049902
-2bbc2 (base 13) to base 16
-1456a
What is 10221221201001 (base 3) in base 14?
3cb26d
Convert 5443055 (base 6) to base 7.
2203622
c7b889 (base 16) to base 14
1a4a01b
6665dc (base 14) to base 16
350686
549852 (base 12) to base 15
1b82b5
Convert 141b881 (base 14) to base 13.
20354b8
-1225026 (base 8) to base 3
-122012021100
Convert -30122302213 (base 4) to base 7.
-36446101
-1011001100001000000111 (base 2) to base 5
-1222331010
-100101100100111100 (base 2) to base 7
-1210510
Convert 49602 (base 16) to base 5.
34104141
Convert 241e4 (base 15) to base 8.
340765
11110022221 (base 3) to base 14
23d7b
279b0c (base 16) to base 12
a520b8
162875 (base 10) to base 3
22021102102
39c3f (base 16) to base 3
110000120020
Convert -1a177 (base 13) to base 14.
-14726
-10110100000001101 (base 2) to base 12
-45411
83458 (base 9) to base 6
1102512
What is -3402041 (base 6) in base 14?
-46721
Convert 24c844 (base 13) to base 5.
211301402
Convert -400375 (base 8) to base 10.
-131325
What is 1110101010010011110 (base 2) in base 8?
1652236
-7586336 (base 9) to base 6
-223142010
Convert -202300300 (base 4) to base 10.
-142384
What is 9cf6f8 (base 16) in base 8?
47173370
Convert 62213 (base 14) to base 10.
236393
What is 4666522 (base 8) in base 7?
13551603
Convert -30002330200 (base 4) to base 9.
-5842607
What is 3847018 (base 9) in base 2?
1000000000001110011111
16ad4 (base 16) to base 14
25bc8
3857ae (base 15) to base 7
31651535
What is -6a2b1 (base 13) in base 7?
-1435032
7512367 (base 8) to base 13
552335
-68633a (base 11) to base 7
-12165111
What is -20664 (base 15) in base 10?
-102694
What is -1011000110101000 (base 2) in base 3?
-2022101110
What is -da85 (base 16) in base 7?
-322044
What is a6dc (base 16) in base 12?
20878
What is 12320041 (base 6) in base 13?
10c912
What is -45552653 (base 7) in base 3?
-21111011210222
Convert -1489dc (base 16) to base 10.
-1346012
What is 45c27 (base 13) in base 16?
1f13a
Convert 1b367 (base 14) to base 11.
48061
Convert 762ba8 (base 14) to base 5.
2011044211
Convert 1311313332 (base 4) to base 14.
c7d4a
Convert 755688 (base 13) to base 14.
5198bd
1111101001000011111001 (base 2) to base 16
3e90f9
Convert 112000010112 (base 3) to base 8.
1032311
What is 11120231023 (base 4) in base 8?
5305513
Convert 2951b (base 14) to base 7.
604634
Convert -33314531 (base 6) to base 11.
-627468
16b0628 (base 12) to base 3
22212012010012
Convert -555ac (base 15) to base 2.
-1000010001110110111
-a83360 (base 11) to base 12
-6b6424
What is 8585778 (base 9) in base 16?
463e98
What is 2310825 (base 10) in base 14?
4421cd
Convert -39352 (base 15) to base 3.
-100022000212
-16162138 (base 9) to base 13
-1897bc8
What is -424e74 (base 15) in base 5?
-1301434014
-111001000001010001010 (base 2) to base 10
-1868426
-101222212101120 (base 3) to base 15
-7a64d0
Convert -706112 (base 10) to base 9.
-1285538
454140 (base 6) to base 10
38508
What is -cee81 (base 15) in base 10?
-658021
-33043300 (base 5) to base 2
-1000101011000101000
What is 4553664 (base 9) in base 11?
1428703
c673 (base 14) to base 7
201503
101101101010111 (base 2) to base 16
5b57
What is 413ae (base 16) in base 4?
1001032232
What is -58e79 (base 15) in base 11?
-183a07
4178627 (base 10) to base 2
1111111100001011000011
53665611 (base 7) to base 12
1653073
Convert -a7e3 (base 16) to base 12.
-20a57
-3210222011 (base 4) to base 10
-936581
-2211a03 (base 11) to base 13
-a5c1ab
Convert -62e71 (base 15) to base 5.
-40020011
10111100010000011101101 (base 2) to base 11
35337a2
40500250 (base 6) to base 4
10122321012
What is 1167680 (base 12) in base 14?
63ad7a
Convert 76ddd (base 16) to base 2.
1110110110111011101
What is 39770b (base 12) in base 8?
3470073
49c65 (base 16) to base 4
1021301211
-72336b (base 15) to base 8
-24551100
14505655 (base 9) to base 11
4083662
Convert a3cba5 (base 15) to base 2.
11101101101100011010011
What is -111010010101010001 (base 2) in base 13?
-849a2
Convert 74408 (base 9) to base 8.
140027
Convert -13020302312 (base 4) to base 13.
-506825
-bc8a1 (base 15) to base 3
-1010110010021
10220625 (base 7) to base 4
3102201000
What is -18ca4 (base 15) in base 6?
-1420331
-21767 (base 15) to base 7
-621622
63a85f (base 16) to base 8
30724137
-8b89 (base 12) to base 5
-444023
-4023120 (base 5) to base 4
-33222200
What is -298a5 (base 11) in base 7?
-234311
What is 6846 (base 10) in base 4?
1222332
Convert 289173 (base 14) to base 16.
157be1
What is 201344240 (base 5) in base 2?
11000101100101101000
-7115530 (base 8) to base 7
-21635551
-117812 (base 13) to base 11
-264aa8
What is -17a6acc (base 13) in base 2?
-11101011110010110101110
What is -21c098 (base 13) in base 6?
-25032432
Convert -546 (base 16) to base 6.
-10130
Convert -2ab23 (base 16) to base 8.
-525443
Convert 1212323003 (base 4) to base 16.
66ec3
52c973 (base 13) to base 16
1da03e
What is -595647 (base 10) in base 12?
-248853
What is -1147602 (base 8) in base 14?
-82c70
1664c6 (base 13) to base 7
4505654
What is 12302203311 (base 4) in base 13?
4a423a
What is -11000111110101111011001 (base 2) in base 4?
-120332233121
Convert -10100010111010110100100 (base 2) to base 4.
-110113112210
Convert -12893 (base 14) to base 10.
-45601
What is -1665d4 (base 16) in base 14?
-2a2d12
What is -222102002121202 (base 3) in base 2?
-110101100010101110110001
Convert 1001010000000000010100 (base 2) to base 7.
26416353
What is -2160e (base 16) in base 5?
-13333333
Convert -13304224 (base 5) to base 4.
-200330123
What is 7039354 (base 10) in base 4?
122312211322
-12202002002201 (base 3) to base 15
-404631
10000002211200 (base 3) to base 13
43b816
What is 23164c (base 13) in base 6?
25453424
What is 215843 (base 9) in base 10?
128991
What is 3466b7 (ba